074?
2, 3, 41, 419
List the prime factors of 2783.
11, 23
What are the prime factors of 13233?
3, 11, 401
What are the prime factors of 14351?
113, 127
List the prime factors of 186199.
13, 14323
What are the prime factors of 2837?
2837
List the prime factors of 6.
2, 3
List the prime factors of 1316.
2, 7, 47
List the prime factors of 21528.
2, 3, 13, 23
List the prime factors of 551.
19, 29
What are the prime factors of 15?
3, 5
What are the prime factors of 31204?
2, 29, 269
What are the prime factors of 1315?
5, 263
List the prime factors of 3939.
3, 13, 101
What are the prime factors of 3433?
3433
List the prime factors of 28128.
2, 3, 293
What are the prime factors of 1865?
5, 373
List the prime factors of 7571.
67, 113
List the prime factors of 10348.
2, 13, 199
What are the prime factors of 28748?
2, 7187
What are the prime factors of 147532?
2, 7, 11, 479
List the prime factors of 1057.
7, 151
List the prime factors of 13089.
3, 4363
List the prime factors of 425.
5, 17
What are the prime factors of 8824?
2, 1103
What are the prime factors of 1747?
1747
List the prime factors of 785.
5, 157
List the prime factors of 15121.
15121
What are the prime factors of 167778?
2, 3, 13, 239
List the prime factors of 6425.
5, 257
What are the prime factors of 6724?
2, 41
List the prime factors of 154207.
17, 47, 193
List the prime factors of 1771.
7, 11, 23
List the prime factors of 3016.
2, 13, 29
List the prime factors of 48319.
211, 229
What are the prime factors of 3430?
2, 5, 7
List the prime factors of 7690.
2, 5, 769
What are the prime factors of 38625?
3, 5, 103
List the prime factors of 397.
397
What are the prime factors of 1824?
2, 3, 19
List the prime factors of 7573.
7573
What are the prime factors of 6692?
2, 7, 239
List the prime factors of 8345.
5, 1669
List the prime factors of 9881.
41, 241
What are the prime factors of 11330?
2, 5, 11, 103
List the prime factors of 85.
5, 17
List the prime factors of 980.
2, 5, 7
List the prime factors of 20251.
7, 11, 263
What are the prime factors of 495?
3, 5, 11
What are the prime factors of 1032?
2, 3, 43
List the prime factors of 7826.
2, 7, 13, 43
What are the prime factors of 34906?
2, 31, 563
What are the prime factors of 2801?
2801
What are the prime factors of 8147?
8147
List the prime factors of 780.
2, 3, 5, 13
What are the prime factors of 1641?
3, 547
What are the prime factors of 10497?
3, 3499
List the prime factors of 398.
2, 199
What are the prime factors of 21342?
2, 3, 3557
List the prime factors of 35849.
11, 3259
What are the prime factors of 3241?
7, 463
What are the prime factors of 38505?
3, 5, 17, 151
List the prime factors of 106718.
2, 53359
List the prime factors of 2.
2
What are the prime factors of 271?
271
What are the prime factors of 4740?
2, 3, 5, 79
What are the prime factors of 1709?
1709
List the prime factors of 421.
421
List the prime factors of 57694.
2, 7, 13, 317
List the prime factors of 948.
2, 3, 79
What are the prime factors of 15627?
3, 5209
List the prime factors of 7737.
3, 2579
List the prime factors of 275.
5, 11
What are the prime factors of 2168?
2, 271
What are the prime factors of 987?
3, 7, 47
What are the prime factors of 1842?
2, 3, 307
What are the prime factors of 9781?
9781
List the prime factors of 358.
2, 179
What are the prime factors of 3706?
2, 17, 109
What are the prime factors of 1614?
2, 3, 269
List the prime factors of 6336.
2, 3, 11
List the prime factors of 12486.
2, 3, 2081
List the prime factors of 32418.
2, 3, 1801
What are the prime factors of 1059?
3, 353
List the prime factors of 3226.
2, 1613
List the prime factors of 10291.
41, 251
What are the prime factors of 8076?
2, 3, 673
List the prime factors of 1624.
2, 7, 29
What are the prime factors of 2019?
3, 673
What are the prime factors of 1610?
2, 5, 7, 23
List the prime factors of 1233.
3, 137
What are the prime factors of 12589?
12589
What are the prime factors of 3632?
2, 227
List the prime factors of 6754.
2, 11, 307
What are the prime factors of 57?
3, 19
List the prime factors of 15372.
2, 3, 7, 61
List the prime factors of 101262.
2, 3, 7, 2411
List the prime factors of 180813.
3, 60271
List the prime factors of 4713.
3, 1571
What are the prime factors of 33998?
2, 89, 191
What are the prime factors of 1501?
19, 79
List the prime factors of 16471.
7, 13, 181
List the prime factors of 336.
2, 3, 7
List the prime factors of 3808.
2, 7, 17
What are the prime factors of 31247?
31247
List the prime factors of 598.
2, 13, 23
What are the prime factors of 110979?
3, 11, 19, 59
What are the prime factors of 272?
2, 17
List the prime factors of 1805.
5, 19
What are the prime factors of 11421?
3, 47
What are the prime factors of 146?
2, 73
What are the prime factors of 16589?
53, 313
List the prime factors of 91389.
3, 41, 743
List the prime factors of 1696.
2, 53
What are the prime factors of 11370?
2, 3, 5, 379
What are the prime factors of 315?
3, 5, 7
What are the prime factors of 1688?
2, 211
List the prime factors of 91931.
7, 23, 571
What are the prime factors of 11011?
7, 11, 13
What are the prime factors of 2907?
3, 17, 19
What are the prime factors of 1176?
2, 3, 7
List the prime factors of 577.
577
What are the prime factors of 47169?
3, 1747
List the prime factors of 233.
233
What are the prime factors of 1074?
2, 3, 179
What are the prime factors of 81170?
2, 5, 8117
What are the prime factors of 13901?
13901
What are the prime factors of 4066?
2, 19, 107
List the prime factors of 127910.
2, 5, 12791
List the prime factors of 2208.
2, 3, 23
List the prime factors of 7293.
3, 11, 13, 17
What are the prime factors of 2267?
2267
What are the prime factors of 3743?
19, 197
List the prime factors of 87336.
2, 3, 1213
List the prime factors of 21378.
2, 3, 7, 509
List the prime factors of 310.
2, 5, 31
What are the prime factors of 32308?
2, 41, 197
List the prime factors of 1359.
3, 151
List the prime factors of 3972.
2, 3, 331
List the prime factors of 49824.
2, 3, 173
List the prime factors of 103086.
2, 3, 23, 83
What are the prime factors of 1371?
3, 457
List the prime factors of 2632.
2, 7, 47
What are the prime factors of 4637?
4637
List the prime factors of 43766.
2, 79, 277
What are the prime factors of 13531?
7, 1933
What are the prime factors of 3101?
7, 443
What are the prime factors of 9015?
3, 5, 601
List the prime factors of 4013.
4013
What are the prime factors of 1195?
5, 239
List the prime factors of 19473.
3, 6491
List the prime factors of 596.
2, 149
List the prime factors of 1956.
2, 3, 163
What are the prime factors of 14402?
2, 19, 379
What are the prime factors of 285?
3, 5, 19
What are the prime factors of 3736?
2, 467
List the prime factors of 21747.
3, 11, 659
What are the prime factors of 6129?
3, 227
What are the prime factors of 44503?
191, 233
What are the prime factors of 9381?
3, 53, 59
What are the prime factors of 5602?
2, 2801
What are the prime factors of 706?
2, 353
List the prime factors of 18527.
97, 191
List the prime factors of 10253.
10253
List the prime factors of 27.
3
What are the prime factors of 63214?
2, 31607
List the prime factors of 43327.
37, 1171
List the prime factors of 14296.
2, 1787
List the prime factors of 23717.
37, 641
List the prime factors of 13663.
13, 1051
What are the prime factors of 844?
2, 211
What are the prime factors of 7316?
2, 31, 59
List the prime factors of 3744.
2, 3, 13
List the prime factors of 4608.
2, 3
What are the prime factors of 56224?
2, 7, 251
List the prime factors of 179.
179
What are the prime factors of 6890?
2, 5, 13, 53
What are the prime factors of 10448?
2, 653
What are the prime factors of 1006?
2, 503
List the prime factors of 11654.
2, 5827
What are the prime factors of 37789?
23, 31, 53
List the prime factors of 2607.
3, 11, 79
What are the prime factors of 14310?
2, 3, 5, 53
What are the prime factors of 1057?
7, 151
List the prime factors of 35895.
3, 5, 2393
What are the prime factors of 27444?
2, 3, 2287
What are the prime factors of 62748?
2, 3, 7, 83
List the prime factors of 11865.
3, 5, 7, 113
What are the prime factors of 2882?
2, 11, 131
List the prime factors of 2872.
2, 359
What are the prime factors of 21630?
2, 3, 5, 7, 103
List the prime fact